t is the greatest common factor of 6204 and 35534444?
2068
Calculate the greatest common factor of 90029728 and 736.
736
Calculate the greatest common divisor of 2376 and 23042448.
2376
Calculate the greatest common factor of 9548 and 3457740.
1364
What is the greatest common factor of 552 and 19075073?
23
What is the greatest common factor of 4247282 and 5590?
1118
What is the greatest common factor of 12 and 8042022?
6
Calculate the highest common factor of 219 and 1102581.
3
What is the greatest common divisor of 168397 and 90041?
19
Calculate the highest common divisor of 1168370 and 118510.
70
What is the greatest common factor of 404874 and 1794?
6
What is the greatest common divisor of 5465 and 746759460?
5465
What is the greatest common factor of 1723 and 30922681?
1723
What is the greatest common factor of 34345530 and 42?
6
Calculate the highest common divisor of 2740407 and 11387.
193
Calculate the highest common divisor of 9988370 and 29300.
2930
What is the greatest common factor of 4330614 and 4131?
51
What is the greatest common factor of 1502 and 514196182?
1502
Calculate the greatest common factor of 4043426 and 2794.
254
Calculate the highest common factor of 260 and 13506935.
65
What is the greatest common factor of 600 and 54462750?
150
What is the greatest common factor of 144651094 and 184?
46
What is the highest common factor of 1968647 and 1197?
19
What is the greatest common divisor of 10767917 and 421?
421
What is the highest common divisor of 41 and 13470263?
41
Calculate the greatest common divisor of 4423720 and 57720.
1480
Calculate the greatest common divisor of 7353 and 501372.
171
Calculate the highest common divisor of 15 and 19565135.
5
What is the highest common divisor of 337393259 and 1526?
763
Calculate the greatest common divisor of 3555 and 27488445.
1185
What is the greatest common divisor of 21390362 and 1336?
334
What is the highest common factor of 174 and 3931414?
58
What is the greatest common factor of 52309 and 288031?
17
Calculate the highest common factor of 9893 and 1297505.
761
Calculate the greatest common divisor of 183954 and 105522.
258
What is the highest common factor of 6130295 and 215?
215
Calculate the highest common factor of 167886 and 7194.
6
What is the highest common divisor of 8030754 and 2613?
201
What is the highest common divisor of 3681584 and 61219?
2111
What is the highest common factor of 131039 and 91745?
59
Calculate the highest common divisor of 1769780 and 374500.
2140
What is the highest common divisor of 5936 and 195367858?
742
Calculate the greatest common factor of 2436 and 193376988.
2436
What is the highest common divisor of 13892445 and 671?
61
Calculate the greatest common divisor of 23393317 and 13837.
101
What is the greatest common divisor of 763 and 274603?
7
What is the greatest common divisor of 163390 and 68?
2
Calculate the highest common factor of 428092 and 1120.
28
Calculate the highest common factor of 1616343 and 85.
17
Calculate the highest common divisor of 105 and 376958085.
105
Calculate the greatest common factor of 748681919 and 402.
67
What is the greatest common divisor of 1590 and 23391285?
795
What is the greatest common divisor of 2865 and 106275?
15
What is the greatest common factor of 993460 and 13000?
260
What is the greatest common divisor of 17904062 and 1232?
22
What is the highest common divisor of 824 and 18935932?
412
Calculate the greatest common factor of 256 and 1350875264.
128
What is the highest common factor of 157221 and 62937?
243
What is the highest common divisor of 889 and 251692?
7
Calculate the greatest common divisor of 6072 and 1213204.
92
Calculate the highest common divisor of 8512 and 8452948.
532
Calculate the highest common factor of 1659 and 351972887.
553
Calculate the highest common divisor of 18256608 and 420.
12
Calculate the highest common divisor of 462231 and 15180.
759
Calculate the highest common divisor of 18261369 and 3528.
441
What is the highest common divisor of 5534368 and 304234?
434
Calculate the greatest common factor of 17328 and 1582883920.
5776
What is the greatest common factor of 576 and 7337136?
48
Calculate the greatest common factor of 1728 and 1931148.
108
Calculate the greatest common factor of 5112 and 216022896.
5112
Calculate the highest common factor of 819 and 1126710.
117
Calculate the highest common divisor of 66077 and 10857.
11
What is the highest common divisor of 38398829 and 3904?
61
Calculate the greatest common divisor of 2044 and 168122066.
1022
What is the greatest common divisor of 595084 and 3944236?
1604
Calculate the highest common factor of 3471 and 401648.
13
What is the highest common divisor of 2755 and 4613105?
95
Calculate the highest common factor of 62706865 and 35.
5
Calculate the highest common divisor of 1974 and 8249017.
329
Calculate the highest common factor of 255069 and 1474.
67
What is the highest common factor of 4864 and 7548448?
32
Calculate the highest common factor of 4365 and 697800540.
1455
Calculate the highest common factor of 550439008 and 16.
16
What is the highest common divisor of 113 and 11896866?
113
Calculate the greatest common factor of 1134361 and 913.
83
Calculate the highest common factor of 18 and 18742743.
9
What is the highest common factor of 45514500 and 532?
76
Calculate the greatest common divisor of 3008 and 11495072.
1504
Calculate the highest common factor of 11958868 and 47.
47
What is the highest common factor of 9789106 and 262?
262
Calculate the highest common divisor of 294164 and 34164.
52
Calculate the greatest common factor of 59 and 16923088.
59
What is the highest common factor of 23717363 and 391?
17
Calculate the greatest common factor of 18254 and 40.
2
What is the greatest common divisor of 6627 and 1655058?
141
Calculate the greatest common factor of 46845 and 22523770.
1735
Calculate the greatest common divisor of 50 and 7548750.
50
What is the highest common divisor of 19845467 and 268?
67
Calculate the greatest common factor of 11 and 28714939.
11
What is the highest common divisor of 60 and 1539140?
20
What is the greatest common factor of 110055 and 11044?
11
Calculate the greatest common factor of 519714 and 123942.
78
Calculate the greatest common factor of 238044 and 5400.
12
What is the highest common factor of 347461 and 966?
23
Calculate the greatest common factor of 9142446 and 2265.
453
What is the greatest common divisor of 36300 and 294580?
220
Calculate the greatest common factor of 2835385 and 39263.
497
What is the highest common divisor of 100865628 and 127602?
7506
Calculate the greatest common factor of 118990546 and 989.
989
What is the greatest common divisor of 2622 and 579234?
114
Calculate the highest common divisor of 48573824 and 1768.
104
What is the greatest common divisor of 6 and 2967788?
2
Calculate the greatest common divisor of 5954848 and 1703984.
6064
What is the greatest common divisor of 149731049 and 1883?
269
What is the greatest common divisor of 959 and 4008483?
137
What is the highest common divisor of 260 and 2210020?
20
What is the greatest common factor of 880 and 8572400?
80
Calculate the highest common divisor of 57580 and 8420.
20
What is the greatest common divisor of 17213226 and 30?
6
Calculate the highest common divisor of 528 and 25038024.
264
Calculate the greatest common factor of 3982510 and 11970.
70
Calculate the highest common divisor of 239495008 and 288.
32
Calculate the highest common divisor of 33 and 27950813.
11
What is the highest common divisor of 64674 and 558?
18
Calculate the highest common factor of 194 and 416232626.
194
What is the greatest common factor of 69811304 and 296?
296
Calculate the greatest common factor of 2805464 and 2696.
8
Calculate the highest common factor of 119379582 and 784.
98
Calculate the greatest common factor of 4760228276 and 17.
17
Calculate the greatest common divisor of 352374 and 344850.
1254
Calculate the greatest common factor of 976739 and 68057.
269
What is the greatest common factor of 1114043784 and 672?
168
What is the highest common divisor of 4586883 and 5?
1
Calculate the highest common divisor of 15 and 77347.
1
Calculate the greatest common divisor of 12714341 and 566.
283
Wh